site?
True
Is 2714423 a composite number?
True
Is 687587 prime?
False
Is 63641 a composite number?
True
Is 5557 prime?
True
Is 33817 composite?
True
Is 5509 a composite number?
True
Is 35393 prime?
True
Is 9383 prime?
False
Is 3247 composite?
True
Is 34421 a prime number?
True
Is 8009 a prime number?
True
Is 684347 prime?
True
Is 15679 a prime number?
True
Is 96949 a composite number?
True
Is 21701 a prime number?
True
Is 1257 a composite number?
True
Is 149306 composite?
True
Is 79349 prime?
True
Is 236549 prime?
True
Is 1616933 a composite number?
True
Is 144929 prime?
False
Is 1043 composite?
True
Is 5025037 a composite number?
False
Is 203593 a composite number?
True
Is 2999 a prime number?
True
Is 439799 a composite number?
False
Is 491689 a composite number?
True
Is 27767 a composite number?
False
Is 477991 a prime number?
True
Is 31 composite?
False
Is 36683 composite?
False
Is 19517 a composite number?
True
Is 77489 a prime number?
True
Is 5180545 composite?
True
Is 67597 composite?
True
Is 83459 a composite number?
False
Is 2333 a composite number?
False
Is 1321537 composite?
True
Is 53893 a prime number?
False
Is 19697 composite?
False
Is 23271 composite?
True
Is 177673 composite?
True
Is 482957 a composite number?
False
Is 12293 prime?
False
Is 3862 a composite number?
True
Is 78409 composite?
True
Is 2099 prime?
True
Is 81897 prime?
False
Is 47303 a prime number?
True
Is 32599 a composite number?
True
Is 298579 composite?
False
Is 2615 a composite number?
True
Is 7941 prime?
False
Is 51631 composite?
False
Is 60313 a composite number?
True
Is 433627 a prime number?
True
Is 81961 a prime number?
False
Is 53665 a composite number?
True
Is 2333 prime?
True
Is 107843 a composite number?
False
Is 5539 prime?
False
Is 2605 composite?
True
Is 60355 prime?
False
Is 10589 a prime number?
True
Is 60647 a prime number?
True
Is 34343 a composite number?
True
Is 49641 a composite number?
True
Is 172105 prime?
False
Is 4429 a composite number?
True
Is 82527 composite?
True
Is 24065 a prime number?
False
Is 19939 composite?
True
Is 38461 prime?
True
Is 2479 a prime number?
False
Is 163543 composite?
False
Is 18457 composite?
False
Is 186137 a composite number?
True
Is 26141 composite?
False
Is 179965 a composite number?
True
Is 17773 a composite number?
True
Is 1943 composite?
True
Is 19813 a composite number?
False
Is 24303 a composite number?
True
Is 689 a prime number?
False
Is 298937 a prime number?
True
Is 536267 a composite number?
False
Is 5987 a prime number?
True
Is 21461 a prime number?
False
Is 19486 a composite number?
True
Is 1042 prime?
False
Is 3770159 a composite number?
True
Is 966487 a composite number?
True
Is 32099 a composite number?
False
Is 6269839 composite?
False
Is 4183 prime?
False
Is 228947 prime?
False
Is 31207 prime?
False
Is 1399 composite?
False
Is 183367 a prime number?
False
Is 249497 prime?
True
Is 43961 prime?
True
Is 1805473 composite?
False
Is 18899 composite?
False
Is 66743 a prime number?
False
Is 131701 a composite number?
False
Is 397 a composite number?
False
Is 39247 a composite number?
True
Is 135055 a composite number?
True
Is 36989 prime?
False
Is 110017 a composite number?
False
Is 1456265 prime?
False
Is 5039 a prime number?
True
Is 15891 a composite number?
True
Is 1561 a composite number?
True
Is 2767 composite?
False
Is 355933 prime?
True
Is 5149 a composite number?
True
Is 1397 a prime number?
False
Is 20159 a prime number?
False
Is 6247 composite?
False
Is 60617 a prime number?
True
Is 129445 prime?
False
Is 150827 a composite number?
False
Is 1099889 a prime number?
False
Is 233039 prime?
False
Is 45599 prime?
True
Is 355687 prime?
False
Is 8419 prime?
True
Is 11959 a prime number?
True
Is 9277 a composite number?
False
Is 7183 a prime number?
False
Is 330371 a prime number?
False
Is 27941 composite?
False
Is 25711 composite?
True
Is 116329 a prime number?
True
Is 725789 prime?
True
Is 46807 a prime number?
True
Is 12799 a prime number?
True
Is 30106 a composite number?
True
Is 47761 a composite number?
True
Is 44503 a composite number?
True
Is 366107 composite?
True
Is 6287 a prime number?
True
Is 20077 a composite number?
True
Is 32259 a prime number?
False
Is 11617 a composite number?
False
Is 383641 composite?
True
Is 45455 prime?
False
Is 666637 a prime number?
True
Is 331801 prime?
True
Is 1226167 composite?
True
Is 87 a prime number?
False
Is 8263 composite?
False
Is 25087 a composite number?
False
Is 870059 a prime number?
True
Is 280591 composite?
False
Is 1618 prime?
False
Is 47429 composite?
True
Is 236497 a prime number?
False
Is 3481553 a prime number?
True
Is 7181 a composite number?
True
Is 20453 a prime number?
False
Is 3278459 composite?
True
Is 1439 a composite number?
False
Is 1199117 a prime number?
True
Is 45407 prime?
False
Is 9601 prime?
True
Is 7639 composite?
False
Is 9923 composite?
False
Is 7639 a prime number?
True
Is 1801 a composite number?
False
Is 1541333 composite?
False
Is 3057707 a composite number?
False
Is 13297 a composite number?
False
Is 3847 composite?
False
Is 124053 a prime number?
False
Is 769 a prime number?
True
Is 20663 composite?
False
Is 439823 prime?
True
Is 95173 a prime number?
False
Is 14479 composite?
False
Is 45757 a composite number?
False
Is 13021 prime?
False
Is 125707 a composite number?
False
Is 41417 a composite number?
True
Is 513919 a prime number?
False
Is 131797 a composite number?
False
Is 8997 a prime number?
False
Is 2533 composite?
True
Is 81509 a prime number?
True
Is 39499 a composite number?
False
Is 299137 a prime number?
True
Is 8039 a composite number?
False
Is 277205 composite?
True
Is 30062 a composite number?
True
Is 72929 composite?
True
Is 145094 prime?
False
Is 254 a prime number?
False
Is 7393 prime?
True
Is 16319 a prime number?
True
Is 8285 prime?
False
Is 12223 a composite number?
True
Is 11465 a composite number?
True
Is 17657 a composite number?
False
Is 14207 prime?
True
Is 13033 prime?
True
Is 42791 composite?
True
Is 158 a prime number?
False
Is 611257 composite?
False
Is 12394 a prime number?
False
Is 41815 a composite number?
True
Is 40295 composite?
True
Is 119837 prime?
False
Is 11677 a prime number?
True
Is 82283 a prime number?
False
Is 3333118 a composite number?
True
Is 234151 prime?
False
Is 49597 prime?
True
Is 451721 a composite number?
True
Is 55591 a composite number?
True
Is 955793 composite?
False
Is 42031 composite?
True
Is 115829 a composite number?
True
Is 15053 composite?
False
Is 115543 composite?
True
Is 9637 a composite number?
True
Is 50273 composite?
False
Is 222739 prime?
False
Is 178 a prime number?
False
Is 755949 a prime number?
False
Is 41303 prime?
False
Is 115939 composite?
True
Is 10085 a composite number?
True
Is 110327 a prime number?
False
Is 8521 a prime number?
True
Is 21026 a composite number?
True
Is 311653 prime?
True
Is 47543 a prime number?
True
Is 6491 prime?
True
Is 54989 prime?
False
Is 312527 a prime number?
True
Is 1399 composite?
False
Is 435593 prime?
True
Is 23321 composite?
False
Is 167509 a composite number?
True
Is 142897 prime?
True
Is 21139 a composite number?
False
Is 103331 a composite number?
True
Is 9133 prime?
True
Is 419417 a composite number?
False
Is 23893 a prime number?
True
Is 7721 prime?
False
Is 116579 a composite number?
False
Is 55127 prime?
True
Is 8399363 composite?
True
Is 166577 composite?
True
Is 4819 a prime number?
False
Is 17781 a prime number?
False
Is 412934 a composite number?
True
Is 462541 a prime number?
True
Is 27033 a prime number?
False
Is 51713 a composite number?
False
Is 331 a prime number?
True
Is 44113 prime?
False
Is 126059 composite?
True
Is 46679 prime?
True
Is 2205517 composite?
True
Is 62347 a prime number?
True
Is 15007 composite?
True
Is 15013 a composite number?
False
Is 66989 a prime number?
False
Is 2013701 a composite number?
True
Is 12739 composite?
False
Is 719 a composite number?
False
Is 98053 a prime number?
False
Is 1419439 prime?
False
Is 787 a prime number?
True
Is 1249 a composite number?
False
Is 9059 a prime number?
True
Is 2215 prime?
False
Is 383267 composite?
False
Is 25021 prime?
False
Is 10817 prime?
False
Is 90483 prime?
False
Is 26473 composite?
True
Is 20365 composite?
True
Is 19